Let x(l) = 2*l**2 - 6*l - 5. Let g(h) = -6*p(h) - 5*x(h). Determine g(2).
9
Let d(n) = -n**3 + 7*n**2 - 12*n + 5. Suppose 3*f - 10 - 5 = 0. Let k be d(f). Let y(j) = j**3 + 6*j**2 + 3*j + 3. Determine y(k).
13
Let o(i) = i**2 + 7*i + 2. Suppose 0 = -3*p + p + 8. Let s(j) = 11*j - 3. Let b be s(1). Suppose 1 = v + 3*m, p*v - 5*m + b = -22. Give o(v).
-8
Let v(g) = -5*g - 1 - 9*g - 6*g + 21*g. What is v(-6)?
-7
Let i(a) = -73 - 64 - a - 53 + 170 + a**2. Calculate i(0).
-20
Let n(a) = a**2 + 9*a + 9. Suppose 5*q - 20 = 3*q. Suppose -3 + q = -v. Determine n(v).
-5
Let x(q) = 2*q + 1. Let m(c) = -7*c - 4. Let v(u) = -m(u) - 5*x(u). Calculate v(-1).
2
Let d(g) = 3*g**2 + 6*g - 4. Let k(r) = -3*r**2 - 5*r + 3. Suppose 0*f = 5*f - 20. Let p(q) = f*d(q) + 5*k(q). Suppose 0 + 4 = -4*h. Determine p(h).
-3
Suppose t - j - 4 = 0, -2*j = 2*t + 3*j - 1. Let g(w) = 10*w - 2. Let x(c) = -21*c + 5. Let q = 168 - 161. Let b(h) = q*g(h) + t*x(h). Determine b(1).
8
Let s(l) = -l**3 + l**2 + 10*l - 4. Let y(v) = v**2 + 2*v. Let h(p) = s(p) - 6*y(p). Suppose 4*r + 0 - 12 = 0. Suppose 2*j = -r*j - 25. Calculate h(j).
6
Let n(a) = a**2 - 3*a - 7. Suppose -228 = -10*y - 47*y. What is n(y)?
-3
Let q(n) = -3711*n + 3715*n - 19 - 7 - 3. Calculate q(8).
3
Let l(r) = -r**3 + 9*r**2 - 10*r + 11. Let u be l(8). Let c(n) be the second derivative of 0 + 1/2*n**2 - 3*n + 2/3*n**3 + 1/12*n**4. Calculate c(u).
6
Let b = -38 - -66. Let m = b + -23. Suppose -2 = m*s - 3*s, 2*s + 42 = -5*h. Let g(f) = -f - 16. Give g(h).
-8
Let d(w) = -2*w**3 - 12*w - 5*w**2 - 6 - 3*w**2 + 6*w**2 - 3*w - 14*w**2. What is d(-7)?
1
Let d(c) = -4*c**3 - c**2 + 1. Suppose -4*j = -4*h + 5*h - 12, -3*h = -2*j + 6. Suppose 0 = -11*q + j - 14. Give d(q).
4
Let c(r) = r**2 + 5*r - 8. Let f(n) be the first derivative of n**3/3 - 5*n**2 + 3*n + 1. Let s be f(9). Determine c(s).
-2
Let s(p) = -5*p - 6. Let q be s(-2). Suppose n + q = -n. Let y(i) = -3*i - 3. Determine y(n).
3
Let w(y) = y**3 + 5*y**2 + y + 2. Let a = 90 - 95. What is w(a)?
-3
Suppose 6*z - 2*j + 12 = z, z = j. Let o be (8/(-12))/((z/(-42))/(-1)). Let v(m) = -m**3 + 7*m**2 - 2*m + 7. Give v(o).
-7
Let g(l) = -2*l**2 + 5*l + 1. Let v(q) = q**2 + 1. Suppose 7*n = 17 + 4. Let y(o) = n*v(o) + g(o). Give y(-5).
4
Let m(z) = -z**2 - 4*z - 2. Suppose 0 = -4*l - 0*l + 20. Suppose 5*a - 8 = 17, -l*y + 3*a - 35 = 0. Calculate m(y).
-2
Let t(c) = -3*c**2 - c + 1. Let x be (-2 - 1)/(3/4*-2). Suppose 10 = -2*d + d - 4*z, x*z = 4*d + 4. Determine t(d).
-9
Let h = 5 - 10. Let j(s) be the second derivative of s**6/720 + 7*s**5/120 + s**4/3 - 5*s. Let o(n) be the third derivative of j(n). What is o(h)?
2
Let v = 13 + -9. Let d(u) = u. Let n be d(v). Let t(p) = -3*p + 5. Give t(n).
-7
Let s(c) = c**3 - c**2 + 1. Let n(o) = o**3 - o**2 - o. Suppose 6*b + 4 = 2*b. Let g = 20 - 22. Let q(l) = b*n(l) + g*s(l). What is q(2)?
-12
Let b = -3 + 7. Let k(g) be the third derivative of g**5/60 - 5*g**4/24 - g**3/2 + 117*g**2. What is k(b)?
-7
Let a(o) = -4. Let h(q) = q + 21. Let x(y) = -22*a(y) - 4*h(y). Suppose -244 = -24*u - 100. Calculate x(u).
-20
Suppose -5*g + 138 = -12. Let m = g - 25. Suppose 0 = d + 4 - m. Let h(u) = 12*u**2. Give h(d).
12
Let w(p) = 2*p + 2. Suppose -2*b = 3*z + 14, 5*b = 145*z - 149*z - 28. What is w(z)?
-2
Let p(d) = -d**2 + 6*d + 2. Let a = -1728 + 1733. Let v(o) be the first derivative of 2*o**3/3 - 13*o**2/2 - 3*o - 1. Let z(l) = a*p(l) + 2*v(l). Give z(6).
-8
Let d(t) be the second derivative of t**3/2 + 25*t**2/2 + 247*t. Calculate d(-7).
4
Let z(t) = 18*t**3 + t**2 - 1. Suppose 4*g + 9 = -5*b, 0*b - 3 = 3*b. Determine z(g).
-18
Let z(v) = 97*v + 98*v + 9*v**2 - 202*v - 6 - v**3. Calculate z(8).
2
Let j(y) = -4*y**2 + 8*y - 7. Let l(o) = o**2 - 3*o + 2. Let b = 34 - 32. Let k(s) = b*j(s) + 7*l(s). Suppose -8 - 17 = 5*d. Determine k(d).
0
Suppose -2*x = 3*y - 15, -x - 2*y + 2 = -6*y. Let d(w) = x + 2*w**2 - w**2 - 6 + w. Give d(-2).
2
Let h(d) = d**3 - 5*d**2 + 3*d - 2. Let r = -10 + 7. Let x be (r/3)/((-1)/(-1)). Let t be 2 + -3 + (2 - x). Calculate h(t).
-8
Let u(l) = -2*l - 7. Let f be u(-6). Let d(o) = o + 0 - 3 + 4 - 8 + 0*o. Determine d(f).
-2
Let m = -4 + 4. Suppose 0*x - x + 2 = m. Let a(p) = p**3 + 12 - 7*p**x + p + 7*p**2. Calculate a(0).
12
Suppose -20 = -20*g + 15*g. Let j(d) = g - d**3 + 8*d**2 - d - 5*d**2 - 7*d**2. Give j(-3).
-2
Let g(o) = 12*o. Suppose 4*h + 0 + 4 = -4*u, 3*u + 2*h + 3 = 0. What is g(u)?
-12
Let w(i) = -8*i - 25. Let y(k) = 3*k + 9. Let o(h) = 4*w(h) + 11*y(h). Calculate o(1).
0
Let j(z) = 7*z**2 - 7*z + 2. Let h(q) = 19*q**2 - 21*q + 5. Let a(i) = 3*h(i) - 8*j(i). What is a(5)?
-11
Let w(k) = k + 2. Suppose -58 = -2*j + 78. Let u be 92/(-22) + 4 - j/(-11). Give w(u).
8
Let m(c) = -4*c + 2. Let k be 4/8 - (-18)/(-4). Let f = 1 + k. Calculate m(f).
14
Let s be 6/(-8) - (-238)/(-56). Let r(l) = 2*l + 6. Give r(s).
-4
Let l(b) = 143*b**2 + 4 - 2*b**3 - 148*b**2 + 3*b**3 - 4*b. Let j(w) = -w + 13. Let q be j(7). Calculate l(q).
16
Let r(n) be the third derivative of n**5/15 + n**4/6 + n**3/2 - 134*n**2. What is r(-2)?
11
Let v be (30/2)/((-4)/(-12)). Let l = v - 21. Suppose -l = -0*m + 4*m. Let w(t) = -2*t - 7. What is w(m)?
5
Let f(r) = -108*r + 51*r - 5 + 4 - 1 + 50*r. What is f(1)?
-9
Suppose 0*y = y + 8*y. Let m(q) = -q**2 - q + 9. What is m(y)?
9
Let x be 2 - 2/(8/12). Let a(y) = -2*y - 9. Let i be a(-6). Let n(v) = -3*v + 2*v**2 + 2*v + 5*v**2 - i*v**2. What is n(x)?
5
Let m(y) = 4*y**2 - y - 4. Let p(o) = 19*o**2 - 3*o - 21. Let u(k) = -5*m(k) + p(k). Let g(n) = -2*n - 6. Let w be g(-4). Give u(w).
-1
Let a(g) = 3*g**2 - g - 2. Let p(d) = d + 10. Suppose -2 - 6 = z. Let k be p(z). Determine a(k).
8
Let d(m) = 10*m**3 - 18 - 10*m**2 - 3 - 11*m**3 - 18*m + 4. What is d(-8)?
-1
Let m(n) = -n - 14. Let p = 23 - 20. Suppose -p*k = k + 40. What is m(k)?
-4
Let m(j) = j**3 - 6*j**2 + j - 5. Let g be (10/(-6))/(5/(-18)). Suppose -g*r - 7 = -43. Determine m(r).
1
Let v(m) = m**3 - 3*m - 3. Let z be v(3). Suppose 5*h = z, -3*r + 3*h + 0*h - 3 = 0. Let f(l) = -2*l**3 + 5*l**r + 1 + 1 + l + 3*l**3. What is f(-5)?
-3
Let l(t) be the first derivative of t**3/3 - 3*t**2 + 5*t - 3. Suppose -3*f - n + 20 = 0, -2*n - 3 - 7 = -4*f. What is l(f)?
0
Let x(a) = -3*a**2 - 24*a + 18. Let c(z) = -2*z**2 - 16*z + 12. Let q(s) = -8*c(s) + 5*x(s). Determine q(-9).
3
Let g(x) = 7*x**2 + 4*x + 2. Let w(h) = 19*h**2 + 12*h + 6. Let l(o) = 11*g(o) - 4*w(o). Let b = -13 - -24. Let f = b + -7. Calculate l(f).
-2
Let h(v) be the third derivative of v**6/120 - v**5/20 - v**4/3 + 2*v**3/3 + 95*v**2. What is h(5)?
14
Let k be (0 - -2)/(-2)*1*-9. Let h(d) = d - 7. Let j(m) = -3*m - 2*m + m + 28. Let n(v) = k*h(v) + 2*j(v). Determine n(5).
-2
Let g(l) = -l**2 + 9. Let t(f) = -f**3 + f**2 + f + 16. Let j be t(0). Let x = 16 - j. Suppose -4*h - 8 = -4*u, -2*u + 4 = -x*h + 2*h. What is g(h)?
9
Let s(n) = 88*n - 42*n - 49*n - 6 + n**2. Give s(5).
4
Let b(x) = -2*x**3 - 38*x**2 - 9*x + 35. Let m(r) = r**3 + 25*r**2 + 6*r - 23. Let k(p) = -5*b(p) - 8*m(p). What is k(5)?
-6
Let i = 1047 + -1055. Let q(w) = 3*w + 20. Calculate q(i).
-4
Let o(a) = -a + 2. Suppose -q - 1 = -0*q, -5*r + 3*q = -108. Let k = r - 15. Determine o(k).
-4
Let n(v) be the first derivative of 5*v**3/3 - v**2/2 - 2. Let u = 202 - 135. Let s = u - 66. Determine n(s).
4
Let t(a) = -a + 1. Let k = -538 - -543. Give t(k).
-4
Let n be 2/4 + 2*(-35)/(-28). Let m(u) = u**2 - u + 3. Give m(n).
9
Let w(h) = -20*h**3 - 4*h**2 + 3. Let l(x) = 61*x**3 + 11*x**2 - 8. Let p(f) = -3*l(f) - 8*w(f). What is p(-1)?
22
Let p(i) = -i**3 + 5*i**2 + 8*i - 5. Suppose -19 = -3*m + 5*d, -d - 6 = -4. Suppose 3*t = -3*a + 2*a + 16, m*t + 2*a = 14. Give p(t).
7
Suppose 5*r = -7*p + 4*p + 33, -p - 5*r = -11. Let f(d) = 14 + d - p + d - 5*d. Give f(4).
-9
Let p be (3/4)/(1/8). Let x be 2*2/(-2 + p). Let z(i) = -9888 + 4941 + 4947 + 4*i. Determine z(x).
4
Let a(y) be the second derivative of 7*y**3/6 + y**2 + 3*y - 73. Let l(w) = -w. Let j be l(2). Give a(j).
-12
Let v = 155 + -160. Let d(h) = h**3 + 4*h**2 - h + 4. What is d(v)?
-16
Suppose 5*a - 10 = 0, -2*x + 6 = -2*a - 2*a. Let g(u) = 7*u**2 - 4*u**3 + 2*u**3 + 0 + u**3 - 1 + 3. What is g(x)?
2
Let b be ((-120)/144 - 38/12) + -1. Let j(i) = i - 7. Calc